mon divisor of 19045 and 195.
65
Calculate the greatest common factor of 28059 and 22137.
141
What is the highest common divisor of 3876 and 1734?
102
Calculate the highest common divisor of 6551954 and 674.
674
Calculate the greatest common divisor of 3600 and 457020.
180
Calculate the highest common divisor of 280 and 5060.
20
Calculate the highest common factor of 8250 and 39710.
110
Calculate the highest common divisor of 18 and 85851.
9
What is the highest common divisor of 49452 and 468?
156
What is the highest common divisor of 2702 and 18151?
7
Calculate the highest common divisor of 1764 and 43120.
196
What is the highest common factor of 1228 and 404?
4
Calculate the greatest common factor of 393372 and 7.
7
What is the highest common factor of 90 and 126963?
9
What is the highest common factor of 13 and 1008384?
13
Calculate the greatest common divisor of 449033 and 338.
169
What is the greatest common factor of 993521 and 381?
127
What is the highest common divisor of 1278 and 540?
18
What is the highest common divisor of 4 and 288096?
4
What is the highest common divisor of 247004 and 2?
2
Calculate the greatest common divisor of 14 and 63637.
7
What is the greatest common factor of 309770 and 20?
10
Calculate the greatest common factor of 16920 and 132.
12
Calculate the highest common factor of 2 and 873098.
2
Calculate the highest common factor of 1819 and 17441.
107
What is the greatest common factor of 38671 and 2?
1
Calculate the greatest common factor of 40 and 173080.
40
What is the greatest common divisor of 188 and 7060?
4
What is the highest common divisor of 91 and 1012466?
91
Calculate the highest common factor of 7 and 410942.
7
Calculate the greatest common divisor of 68480 and 230.
10
Calculate the greatest common divisor of 2640 and 1221.
33
What is the greatest common divisor of 9414 and 327398?
1046
Calculate the highest common factor of 3679 and 41318.
283
What is the greatest common divisor of 1836 and 13500?
108
Calculate the greatest common factor of 254 and 378079.
127
What is the greatest common factor of 513 and 16011?
27
What is the highest common factor of 329862 and 117?
39
What is the highest common divisor of 1778727 and 204?
51
What is the highest common factor of 126 and 6094431?
63
Calculate the highest common factor of 395 and 224755.
395
What is the highest common factor of 15452 and 32?
4
Calculate the highest common factor of 92 and 5491710.
46
What is the highest common factor of 104 and 2249?
13
What is the greatest common divisor of 326326 and 9009?
1001
What is the greatest common divisor of 26530 and 140?
70
What is the greatest common divisor of 26568 and 1?
1
Calculate the greatest common divisor of 668 and 55945.
167
Calculate the highest common factor of 56 and 1192.
8
Calculate the greatest common factor of 418569 and 332.
83
What is the highest common divisor of 180 and 736470?
90
Calculate the highest common divisor of 885710 and 70.
70
Calculate the highest common factor of 4787829 and 2074.
1037
Calculate the greatest common divisor of 5814 and 66402.
306
What is the highest common divisor of 88 and 5176?
8
Calculate the greatest common factor of 3895 and 162770.
205
What is the highest common factor of 1998 and 888?
222
Calculate the highest common factor of 48 and 251200.
16
Calculate the greatest common factor of 2160 and 438624.
144
What is the greatest common factor of 2107 and 167786?
43
Calculate the highest common factor of 828076 and 2892.
964
Calculate the greatest common divisor of 108 and 134190.
54
What is the greatest common divisor of 864 and 6240?
96
Calculate the greatest common factor of 175 and 17275.
25
What is the greatest common factor of 15774 and 96?
6
Calculate the greatest common factor of 10782 and 1338166.
1198
What is the highest common divisor of 722 and 2432?
38
Calculate the greatest common divisor of 36945 and 23809.
821
Calculate the highest common factor of 14 and 5020358.
14
What is the highest common divisor of 15 and 935430?
15
Calculate the highest common factor of 3048 and 10287.
381
Calculate the greatest common factor of 118582 and 2110.
422
What is the greatest common factor of 280 and 10820?
20
What is the highest common factor of 16377 and 318?
159
Calculate the highest common factor of 38 and 503785.
19
What is the greatest common divisor of 408 and 13428?
12
Calculate the highest common divisor of 157378 and 52.
26
Calculate the highest common factor of 49734 and 141834.
1842
What is the greatest common divisor of 336 and 17514?
42
What is the greatest common divisor of 1452 and 1298814?
726
Calculate the greatest common divisor of 768 and 420.
12
What is the highest common factor of 45 and 119430?
45
Calculate the highest common divisor of 1874 and 13224818.
1874
Calculate the greatest common factor of 3567963 and 3.
3
Calculate the greatest common factor of 25652 and 154.
22
Calculate the greatest common factor of 4788 and 7258.
38
Calculate the highest common factor of 8 and 3106.
2
What is the highest common divisor of 460168 and 1261?
97
What is the highest common divisor of 1887 and 127058?
629
Calculate the highest common factor of 191040 and 30.
30
What is the highest common divisor of 83908 and 44?
44
Calculate the greatest common divisor of 73482 and 8214.
222
Calculate the greatest common divisor of 138 and 4143.
3
What is the greatest common divisor of 1170 and 9990?
90
What is the greatest common divisor of 53 and 9267103?
53
Calculate the highest common divisor of 37777 and 5069.
37
Calculate the greatest common factor of 3193 and 4841.
103
What is the highest common divisor of 54615 and 1320?
165
What is the highest common factor of 684 and 686394?
342
Calculate the highest common divisor of 168744 and 29103.
267
Calculate the greatest common factor of 5635 and 46.
23
What is the highest common factor of 5474 and 123998?
238
Calculate the greatest common divisor of 927 and 128.
1
Calculate the highest common factor of 282061 and 2704.
169
Calculate the greatest common divisor of 1470854 and 6.
2
Calculate the greatest common factor of 8946 and 517874.
994
What is the highest common divisor of 1665 and 102897?
333
What is the highest common factor of 301 and 1333?
43
What is the greatest common factor of 104544 and 672?
96
Calculate the greatest common factor of 2791534 and 514.
514
Calculate the highest common divisor of 3258 and 2826.
18
What is the highest common factor of 9 and 577170?
9
Calculate the highest common divisor of 1134 and 18074.
14
What is the greatest common factor of 2870 and 147518?
574
What is the greatest common divisor of 3934 and 70?
14
Calculate the highest common divisor of 34 and 7566734.
34
Calculate the greatest common divisor of 156835 and 70.
35
What is the greatest common divisor of 196146 and 1224?
306
What is the greatest common divisor of 49599 and 33?
33
Calculate the highest common divisor of 66666 and 37669.
271
Calculate the greatest common factor of 64 and 18448.
16
What is the highest common factor of 30 and 20270?
10
Calculate the highest common divisor of 10719216 and 144.
144
What is the highest common divisor of 76 and 110?
2
Calculate the greatest common divisor of 220 and 707608.
44
Calculate the greatest common factor of 1884 and 3922017.
471
What is the highest common divisor of 86656 and 128?
128
What is the highest common factor of 1311 and 44712?
69
What is the highest common factor of 108 and 790263?
27
Calculate the highest common factor of 3498 and 250266.
318
Calculate the greatest common divisor of 198 and 93192.
66
What is the highest common factor of 2329 and 5069?
137
What is the greatest common factor of 4566 and 6?
6
Calculate the greatest common divisor of 1023 and 2883.
93
What is the greatest common divisor of 10632 and 72?
24
Calculate the highest common divisor of 42866 and 2.
2
What is the greatest common divisor of 1425 and 2175?
75
What is the highest common factor of 249698 and 38?
38
Calculate the highest common factor of 1754134 and 94.
94
What is the highest common divisor of 132 and 144276?
132
Calculate the greatest common divisor of 1219510 and 10.
10
Calculate the highest common divisor of 1840 and 282670.
230
Calculate the highest common